20?
1
What is the tens digit of 885041478?
7
What is the tens digit of 1437103987?
8
What is the tens digit of 35689944?
4
What is the thousands digit of 215463625?
3
What is the tens digit of 517885442?
4
What is the units digit of 294181391?
1
What is the thousands digit of 3669885096?
5
What is the units digit of 2200131462?
2
What is the thousands digit of 92229985?
9
What is the hundred millions digit of 176045743?
1
What is the hundred thousands digit of 53339510?
3
What is the hundred thousands digit of 35768786?
7
What is the ten millions digit of 34135951?
3
What is the thousands digit of 3859010?
9
What is the ten thousands digit of 2541359399?
5
What is the hundred millions digit of 144151929?
1
What is the ten thousands digit of 8416303?
1
What is the units digit of 1470933534?
4
What is the ten millions digit of 1601456689?
0
What is the hundred millions digit of 206821529?
2
What is the tens digit of 224677900?
0
What is the hundred thousands digit of 75164218?
1
What is the ten thousands digit of 15326849?
2
What is the millions digit of 74868665?
4
What is the units digit of 472920489?
9
What is the thousands digit of 39673324?
3
What is the ten thousands digit of 369330993?
3
What is the hundred millions digit of 540359238?
5
What is the millions digit of 3946930?
3
What is the hundred millions digit of 1513433923?
5
What is the hundred millions digit of 1375223828?
3
What is the ten millions digit of 128499250?
2
What is the hundred thousands digit of 187673542?
6
What is the hundred thousands digit of 325751362?
7
What is the units digit of 226515154?
4
What is the millions digit of 449984366?
9
What is the tens digit of 267567974?
7
What is the thousands digit of 670301288?
1
What is the hundred thousands digit of 98102583?
1
What is the units digit of 5230361507?
7
What is the hundreds digit of 32101679?
6
What is the thousands digit of 5705383981?
3
What is the thousands digit of 1183530415?
0
What is the ten millions digit of 373619718?
7
What is the millions digit of 1295050471?
5
What is the millions digit of 1359055269?
9
What is the ten millions digit of 301975993?
0
What is the units digit of 860180450?
0
What is the hundred millions digit of 103294102?
1
What is the thousands digit of 144620257?
0
What is the hundreds digit of 1536097629?
6
What is the ten thousands digit of 45930479?
3
What is the ten thousands digit of 116865594?
6
What is the hundreds digit of 88571022?
0
What is the hundred millions digit of 247515609?
2
What is the millions digit of 141385370?
1
What is the units digit of 235108534?
4
What is the millions digit of 72776042?
2
What is the hundred thousands digit of 102246517?
2
What is the tens digit of 3782331?
3
What is the hundreds digit of 41904199?
1
What is the ten thousands digit of 358028966?
2
What is the ten millions digit of 68933245?
6
What is the millions digit of 43501342?
3
What is the tens digit of 73607194?
9
What is the hundred thousands digit of 2885972?
8
What is the hundreds digit of 1652872511?
5
What is the hundred thousands digit of 49283640?
2
What is the units digit of 25865977?
7
What is the ten thousands digit of 69316598?
1
What is the hundreds digit of 2493657750?
7
What is the hundred thousands digit of 972375492?
3
What is the tens digit of 59855603?
0
What is the units digit of 328589726?
6
What is the units digit of 295014230?
0
What is the hundred thousands digit of 84765256?
7
What is the thousands digit of 102612568?
2
What is the ten millions digit of 1256492870?
5
What is the millions digit of 38330446?
8
What is the ten thousands digit of 3217305897?
0
What is the ten millions digit of 368290076?
6
What is the tens digit of 100187210?
1
What is the tens digit of 105298218?
1
What is the hundred thousands digit of 44632872?
6
What is the thousands digit of 129870321?
0
What is the hundred millions digit of 4448617371?
4
What is the ten thousands digit of 99304910?
0
What is the units digit of 203503483?
3
What is the ten thousands digit of 3648835468?
3
What is the billions digit of 5263865599?
5
What is the thousands digit of 915011103?
1
What is the hundred millions digit of 120833012?
1
What is the thousands digit of 201575339?
5
What is the millions digit of 6049128190?
9
What is the thousands digit of 15993781?
3
What is the hundred thousands digit of 11051731?
0
What is the ten millions digit of 722832462?
2
What is the hundred millions digit of 101384733?
1
What is the millions digit of 976023179?
6
What is the millions digit of 729495184?
9
What is the billions digit of 1688036702?
1
What is the ten millions digit of 2680974037?
8
What is the hundreds digit of 609838666?
6
What is the thousands digit of 79647120?
7
What is the tens digit of 21283939?
3
What is the ten thousands digit of 1256471367?
7
What is the tens digit of 26075775?
7
What is the hundred thousands digit of 173037547?
0
What is the hundred millions digit of 508924963?
5
What is the ten thousands digit of 273718304?
1
What is the thousands digit of 3586664?
6
What is the ten millions digit of 263336628?
6
What is the tens digit of 141276151?
5
What is the units digit of 2969466?
6
What is the tens digit of 217262511?
1
What is the hundred millions digit of 2382060891?
3
What is the hundred thousands digit of 2493228059?
2
What is the millions digit of 88317235?
8
What is the millions digit of 20682014?
0
What is the thousands digit of 24779740?
9
What is the units digit of 47878734?
4
What is the hundred thousands digit of 108203742?
2
What is the ten thousands digit of 25830550?
3
What is the ten thousands digit of 7041027?
4
What is the units digit of 66070179?
9
What is the tens digit of 21831178?
7
What is the millions digit of 601800908?
1
What is the ten millions digit of 50019289?
5
What is the thousands digit of 417071111?
1
What is the millions digit of 253269594?
3
What is the ten millions digit of 208247140?
0
What is the ten thousands digit of 27304564?
0
What is the units digit of 817449822?
2
What is the tens digit of 247969565?
6
What is the thousands digit of 63219039?
9
What is the billions digit of 1460700881?
1
What is the hundred thousands digit of 320769807?
7
What is the thousands digit of 35602559?
2
What is the tens digit of 182862881?
8
What is the hundreds digit of 107344948?
9
What is the ten millions digit of 1439817538?
3
What is the tens digit of 3929240906?
0
What is the ten thousands digit of 84877784?
7
What is the hundred millions digit of 175060858?
1
What is the units digit of 1950976536?
6
What is the hundred millions digit of 3752038733?
7
What is the billions digit of 2975074614?
2
What is the hundred thousands digit of 1457818?
4
What is the hundred millions digit of 860974295?
8
What is the hundreds digit of 193774511?
5
What is the ten thousands digit of 289624229?
2
What is the hundred millions digit of 903664518?
9
What is the units digit of 46543174?
4
What is the tens digit of 2075876942?
4
What is the hundred millions digit of 4158967246?
1
What is the hundred millions digit of 760817291?
7
What is the hundred thousands digit of 72729417?
7
What is the ten thousands digit of 66657626?
5
What is the ten millions digit of 151122311?
5
What is the tens digit of 8355983?
8
What is the thousands digit of 597862382?
2
What is the millions digit of 120518359?
0
What is the millions digit of 840384767?
0
What is the tens digit of 130251397?
9
What is the millions digit of 41266400?
1
What is the billions digit of 2272356014?
2
What is the hundred millions digit of 465667834?
4
What is the thousands digit of 178864767?
4
What is the ten millions digit of 177724774?
7
What is the millions digit of 2808433457?
8
What is the thousands digit of 238594923?
4
What is the thousands digit of 63142364?
2
What is the ten thousands digit of 1283174625?
7
What is the tens digit of 7056961797?
9
What is the millions digit of 6038982?
6
What is the ten millions digit of 208169287?
0
What is the units digit of 9301415486?
6
What is the ten thousands digit of 4407093808?
9
What is the ten thousands digit of 3725881662?
8
What is the thousands digit of 6593464842?
4
What is the units digit of 61218827?
7
What is the thousands digit of 749150831?
0
What is